{"id":439,"date":"2026-03-27T12:09:29","date_gmt":"2026-03-27T12:09:29","guid":{"rendered":"https:\/\/lea.oblasser.pages.hak-schwaz.at\/?post_type=product&#038;p=439"},"modified":"2026-03-27T12:09:29","modified_gmt":"2026-03-27T12:09:29","slug":"turnanzug-2","status":"publish","type":"product","link":"https:\/\/lea.oblasser.pages.hak-schwaz.at\/?product=turnanzug-2","title":{"rendered":"Turnanzug"},"content":{"rendered":"<p>Turnanzug GR\u00dcN BLAU<\/p>\n","protected":false},"excerpt":{"rendered":"<p data-start=\"192\" data-end=\"495\">Dieser hochwertige Langarm-Turnanzug \u00fcberzeugt mit einem stilvollen Farbverlauf in edlem Petrol und T\u00fcrkis. Das kunstvolle, geschwungene Muster im Brust- und \u00c4rmelbereich wird durch feine Glitzerakzente erg\u00e4nzt und sorgt f\u00fcr einen eleganten, dynamischen Look auf jeder Trainingsfl\u00e4che oder im Wettkampf.<\/p>\n<p data-start=\"497\" data-end=\"701\">Der enganliegende Schnitt bietet optimale Bewegungsfreiheit und einen sicheren Sitz, w\u00e4hrend das weiche, elastische Material f\u00fcr hohen Tragekomfort sorgt. Perfekt geeignet f\u00fcr Turnen, Gymnastik oder Tanz.<\/p>\n","protected":false},"featured_media":440,"comment_status":"open","ping_status":"closed","template":"","meta":[],"product_brand":[],"product_cat":[23],"product_tag":[],"class_list":{"0":"post-439","1":"product","2":"type-product","3":"status-publish","4":"has-post-thumbnail","6":"product_cat-uncategorized","8":"first","9":"instock","10":"sale","11":"shipping-taxable","12":"purchasable","13":"product-type-simple"},"_links":{"self":[{"href":"https:\/\/lea.oblasser.pages.hak-schwaz.at\/index.php?rest_route=\/wp\/v2\/product\/439","targetHints":{"allow":["GET"]}}],"collection":[{"href":"https:\/\/lea.oblasser.pages.hak-schwaz.at\/index.php?rest_route=\/wp\/v2\/product"}],"about":[{"href":"https:\/\/lea.oblasser.pages.hak-schwaz.at\/index.php?rest_route=\/wp\/v2\/types\/product"}],"replies":[{"embeddable":true,"href":"https:\/\/lea.oblasser.pages.hak-schwaz.at\/index.php?rest_route=%2Fwp%2Fv2%2Fcomments&post=439"}],"wp:featuredmedia":[{"embeddable":true,"href":"https:\/\/lea.oblasser.pages.hak-schwaz.at\/index.php?rest_route=\/wp\/v2\/media\/440"}],"wp:attachment":[{"href":"https:\/\/lea.oblasser.pages.hak-schwaz.at\/index.php?rest_route=%2Fwp%2Fv2%2Fmedia&parent=439"}],"wp:term":[{"taxonomy":"product_brand","embeddable":true,"href":"https:\/\/lea.oblasser.pages.hak-schwaz.at\/index.php?rest_route=%2Fwp%2Fv2%2Fproduct_brand&post=439"},{"taxonomy":"product_cat","embeddable":true,"href":"https:\/\/lea.oblasser.pages.hak-schwaz.at\/index.php?rest_route=%2Fwp%2Fv2%2Fproduct_cat&post=439"},{"taxonomy":"product_tag","embeddable":true,"href":"https:\/\/lea.oblasser.pages.hak-schwaz.at\/index.php?rest_route=%2Fwp%2Fv2%2Fproduct_tag&post=439"}],"curies":[{"name":"wp","href":"https:\/\/api.w.org\/{rel}","templated":true}]}}